o(-52)?
2, 31, 109
Let k(l) = -l**3 - 4*l**2 + l - 5. Let a be k(-5). List the prime factors of a/2*(-3 - 107)/(-11).
3, 5
Let d = -46 - -73. Let q = d + -22. Suppose i + q*l - 296 = -2*i, 4*i - 2*l = 386. What are the prime factors of i?
97
Suppose 2*m + 0*a - 17 = -3*a, -4*m - 4*a = -28. Suppose 0 = -3*t + 3*h, 0*t + m*h = -2*t - 6. List the prime factors of (t - -2)*(-2 - -86).
2, 3, 7
Suppose 4*f - 293172 + 41986 = -m, 5*f - m - 313978 = 0. List the prime factors of f.
2, 3, 5233
Suppose 0*c - 1 = -c + 5*h, 0 = -h. Let f(q) = 5*q - 21 - 18 + 5 + 36. List the prime factors of f(c).
7
Let y(d) = 2*d + 85. Suppose -o + 2*t + 6 + 7 = 0, 4*t + 14 = -2*o. Let c be (-4)/6 - o/((-36)/8). What are the prime factors of y(c)?
5, 17
Let o be (-4)/26 + (-1048)/(-52). Suppose -4*z - 5*d = 18 + o, -5*z + 2*d = 31. Let j(f) = f**3 + 8*f**2 + 5*f - 7. List the prime factors of j(z).
7
Let v(a) = a**3 - 6*a**2 - 14. Suppose -2*o + 12*o = 50. Suppose 0 = -o*d + 69 - 34. What are the prime factors of v(d)?
5, 7
Suppose -47*b + 40*b + 7504 = 0. Suppose 9*d - 287 - b = 0. List the prime factors of d.
151
Let q = 561 - -224. Suppose 6*h - 1831 = q. What are the prime factors of h?
2, 109
What are the prime factors of ((-1930814)/(-60) - (-2)/20) + 8/12?
3, 17, 631
Suppose -5*w + 34454 = -3*w - 103708. List the prime factors of w.
3, 23027
Let v = -19667 - -42222. List the prime factors of v.
5, 13, 347
Let x(w) = -w**2 - 518*w - 160. What are the prime factors of x(-92)?
2, 7, 17, 41
List the prime factors of ((-23 + 25)*-4)/(2/(-8111)).
2, 8111
What are the prime factors of ((-20193)/265)/((-2)/10)?
3, 127
Let s(w) = 1159*w**2 - 8*w - 19. What are the prime factors of s(-2)?
41, 113
Let k be (16/(5 + -1) - 4) + 8. Let u(x) = x**3 - 7*x**2 + 10*x - 10. List the prime factors of u(k).
2, 67
Let k = -212 + 214. List the prime factors of 1/(k/(-8)) - (-10 - -4).
2
Let g = 4723 + 1345. What are the prime factors of g?
2, 37, 41
Let x be ((-1285)/(-10))/((-2)/(-4)). Let i = -131 - -135. Suppose i*d = 4*v - 0*v - 252, 0 = 4*v + d - x. What are the prime factors of v?
2
Let j = 56 + -53. Suppose -3*l = j*k - 747, k - 265 = -4*l - 1. List the prime factors of k.
2, 61
Let z(t) = 170*t + 7. List the prime factors of z(4).
3, 229
Let p = 15732 - 8151. List the prime factors of p.
3, 7, 19
Suppose 37 = 4*a + 5. Let l(f) = 36*f**2 - 48*f - 7. List the prime factors of l(a).
1913
Suppose -2*m = j - 34942, 13*j = -527 + 631. What are the prime factors of m?
17467
Let b = -68 - -67. Let n be ((3 - -7)/(-2))/b. Suppose 871 = n*m + 2*u, 161 = 2*m - 5*u - 199. What are the prime factors of m?
5, 7
Let l(d) = -10*d**3 + 16*d**2 - 9*d - 169. What are the prime factors of l(-10)?
41, 281
Let p be ((-58)/(-4))/((-4)/8). Let f = p + 31. Suppose -f*u = -4*d + 1080, 1359 = 3*d + 2*d + 2*u. List the prime factors of d.
271
Suppose -5*o + 914 + 2060 = 3*p, p = 5*o + 958. Suppose 11*m - 216 - p = 0. What are the prime factors of m?
109
Let l(h) = -177*h - 11. Let q be l(1). Suppose r + 825 = 4*r. Let s = r + q. List the prime factors of s.
3, 29
Suppose -24*d - 271725 + 405550 = -726215. List the prime factors of d.
3, 5, 2389
Suppose 0 = -2*j - 5*j - 35. Let c(a) = 6*a**2 - 4*a - 24. Let d(f) = 1. Let t(b) = j*d(b) + c(b). List the prime factors of t(-5).
3, 47
Suppose 68195 = 3*q - 5*w - 13760, -25*q + 3*w = -682881. List the prime factors of q.
3, 5, 607
Suppose -14 = -x + 6*d - 9*d, 4*x - 3*d + 4 = 0. List the prime factors of (x/(-3))/(2/(-117))*6.
2, 3, 13
What are the prime factors of 1/4*54712 - 25?
3, 37, 41
Suppose -11*u + 6*u - 2819 = -2*q, 4*q - 5573 = -3*u. What are the prime factors of q?
11, 127
List the prime factors of ((-35874)/(-21))/((-2)/(-7)).
3, 1993
Suppose -2*n + 254 = -5*a - 7250, -4*n + 3*a = -14980. Suppose 0 = 8*i - n - 1050. List the prime factors of i.
599
Suppose -11*l - 26763 = -103543. What are the prime factors of l?
2, 5, 349
Let k = 8846 + 13709. List the prime factors of k.
5, 13, 347
Let v(g) = -2*g**2 + 24*g + 100. Let k be v(21). Let c = k - -315. What are the prime factors of c?
37
Suppose -3*a + 2*r - r = -18, 0 = 5*a - r - 28. Let z be ((-22)/(-4) - a)/(2/12). Suppose z*b = 13 + 164. What are the prime factors of b?
59
List the prime factors of (-29)/(3828/328449)*(-1 + -3).
37, 269
Let v be 13/4 + 5/(-20) + 17. Suppose 31*r = v*r + 10450. List the prime factors of r.
2, 5, 19
Let q = 29 - 34. Let f be ((-9)/6)/(q/30). Suppose 568 = 13*d - f*d. List the prime factors of d.
2, 71
Suppose -127 = y - u, u = -5*y - 4*u - 635. Let h = 173 + y. What are the prime factors of h?
2, 23
Let v(f) = -1157*f**2 + 3*f + 6. Let d be v(-3). Let l be 4/(-6) - d/18. List the prime factors of (-1)/4 - (l/8)/(-1).
2, 3
Let d(i) = 82*i**3 - 2*i**2 - 5*i + 32. List the prime factors of d(4).
2, 1307
Suppose 43*w = 17*w + 236626. What are the prime factors of w?
19, 479
Suppose -2*w = -4, -2*f + 81249 = 4*w - 2755. What are the prime factors of f?
2, 11, 23, 83
Let x(h) = h**3 + 24*h**2 + 11*h - 5. Let p be ((-23)/(-2))/(4/(-8)). List the prime factors of x(p).
271
Let h(k) = 137*k**2 - 10*k + 7. List the prime factors of h(-11).
2, 17, 491
Suppose -4*f = -12*f - 32. Let p be (-1)/f + (-55)/(-4). What are the prime factors of ((-21)/p)/(6/(-332))?
83
Let q = 47 + -55. Let z = q - -387. What are the prime factors of z?
379
List the prime factors of 1*4193 + 14*(-5 - (-45)/10).
2, 7, 13, 23
Let v be (-4)/(-20)*10 - 0. Suppose -v*k + 809 = -1681. What are the prime factors of k?
3, 5, 83
Let n(w) = w**3 - 15*w**2 - 18*w - 8. Let f be n(16). Let v = -38 - f. Suppose 184 = v*a - 4. List the prime factors of a.
2, 47
Suppose -5*g + 11 = -2*t, 19*g - 22*g + 5 = -2*t. Suppose g*h + 2*r - 1006 = 0, 12*h + 330 = 13*h - 2*r. List the prime factors of h.
2, 167
Suppose -5*f = 2*z - 7753, 3*z - 6201 = -7*f + 3*f. List the prime factors of f.
3, 11, 47
Let p = 575 - -3522. Suppose z = 3*w + 456 - p, 2*z = -3*w + 3644. List the prime factors of w.
2, 607
Suppose -5*j = -y + 674, -4*j + 5*y = y + 552. Let i = 82 - j. List the prime factors of i.
2, 3
Let l be ((-188)/141)/(1 + 10/(-6)). Suppose -3*i + 138 = -i - l*f, -i = -2*f - 64. What are the prime factors of i?
2, 37
Let u = -315 - -443. Let v = -103 + u. List the prime factors of v.
5
Let j = -141 + 145. Suppose -26 + 110 = j*f. What are the prime factors of f?
3, 7
Let t(f) = 8*f**2 + 9*f + 39. Suppose 54*q - 61*q - 49 = 0. What are the prime factors of t(q)?
2, 23
Suppose 58*z = -7*z + 358345. List the prime factors of z.
37, 149
Let z(j) = -68*j - 48. Let m be z(-21). Let g = 2349 - m. List the prime factors of g.
3, 17, 19
Suppose 16*l - 5727 = 4353. Suppose 108 = -z + l. List the prime factors of z.
2, 3, 29
Let a(n) = 887*n - 5007. What are the prime factors of a(8)?
2089
List the prime factors of 62718/8 - (-204)/(-272).
3, 13, 67
Let w(t) = 47*t - 48*t - 4 - 26*t + 13. Let j(z) = z. Let v(k) = -15*j(k) - w(k). What are the prime factors of v(10)?
3, 37
Suppose 741*r = t + 744*r - 3652, -3*t + r = -10966. What are the prime factors of t?
5, 17, 43
Let g(c) = 50*c**2 + 858*c - 10. What are the prime factors of g(-23)?
2, 7, 479
Let k(i) = i**3 + 10*i**2 + 16*i + 2. Let o be k(-8). Let t = o + 2. Suppose c + 1214 = 5*z, -t*z - c = 3*c - 952. List the prime factors of z.
2, 11
Let k = 126817 - 60385. List the prime factors of k.
2, 3, 173
Let l(f) be the third derivative of -f**6/120 + f**4/4 + 92*f**3 - 2*f**2 + 47. What are the prime factors of l(0)?
2, 3, 23
Let m(i) = 2*i**2 + 14*i + 108. Let t = -621 - -590. List the prime factors of m(t).
2, 3, 7, 19
Suppose 10*v + 40 = 2*v. What are the prime factors of ((-10)/v)/((-12)/(-3048))?
2, 127
Suppose -3*l + 28495 + 7754 = 3*b, 0 = -5*b + 3*l + 60391. What are the prime factors of b?
2, 5, 151
Let j(c) = c**3 + 4*c**2 - 7*c - 6. Let r be j(-5). Let v be 14/(-5)*(1 + r). Let p = v - -28. What are the prime factors of p?
2, 7
Let m(n) = -11*n + 42. Let w be m(-7). Suppose -5*t - 11 = 3*c, t - c = -3*c - 5. List the prime factors of (t + w)/((-24)/(-36)).
3, 59
Let d(b) = 62*b**3 - 40*b**2 + 186*b + 4. List the prime factors of d(5).
2, 17, 113
Suppose -37*l - 7*l + 25935 = -5*l. List the prime factors of l.
5, 7, 19
Suppose 7*y = 17*y - 30. Let u(k) = -k**3 + 3*k**2 - 2. L